(r) = -11*r + 3. Let m(w) = w - 1. Let g(t) = h(t) + m(t). Let a be g(-4). Let n = a + -17. What is the units digit of n?
5
What is the tens digit of (2 - (-61)/3)/((-33)/(-297))?
0
Let s(v) = -4*v**3. Let t be s(-1). Suppose -k + 6 = -t*k. Let c(l) = 2*l**2 + 2*l - 1. What is the units digit of c(k)?
3
Suppose -3*x = 4*d, 0 = -3*x + x - d. Suppose 3*o - 3*f - 165 = x, o + 4*o + 5*f - 325 = 0. What is the units digit of o?
0
What is the hundreds digit of (-6 + 0)/(24/(-1236))?
3
Suppose q + 0*q - 6 = 0. Let n(y) = -5 - 20*y + q*y + y - 18*y. What is the units digit of n(-2)?
7
Let m(b) = -b**2 - 12*b + 17. Let w = 19 + 12. Suppose -f - 4*f - 49 = 4*c, 3*f = -2*c - w. What is the units digit of m(f)?
4
Let j be (2 - 6)*1/1. Let o be (-17)/j - (-9)/12. Let b(c) = c**2 - 3*c - 3. What is the units digit of b(o)?
7
Suppose 4*i - 260 = 5*g + 658, -5*g = -3*i + 686. Suppose 0 = -0*l + 4*l + i. Let w = l - -98. What is the units digit of w?
0
Let l(r) = 38*r - 98. What is the hundreds digit of l(6)?
1
Let m = 14456 + -9314. What is the units digit of m?
2
Let c be -68*((-2)/4 - 0). Let t = 64 - c. Suppose -q - t = -3*q. What is the units digit of q?
5
Let l(n) = n - 12. Let u(k) = -3*k + 36. Let b(q) = 8*l(q) + 3*u(q). Let m be b(7). Let s(p) = -p**3 + 7*p**2 - 4*p - 3. What is the units digit of s(m)?
7
Suppose -28*b + 24*b = 2*v - 896, 0 = -3*b + 15. What is the hundreds digit of v?
4
Let a(v) be the second derivative of -v**3/6 + 4*v**2 - 7*v. Let p be a(2). Let h = p - -7. What is the units digit of h?
3
Let v(k) = 43*k**3 - 5 - 45*k**3 - 5*k**2 - 3 - 7*k. What is the units digit of v(-5)?
2
Let r(h) = 1. Let b(x) = 2*x**2 - 5*x - 7. Let p(n) = b(n) + 4*r(n). What is the tens digit of p(5)?
2
Let l(d) = -13*d + 6. What is the hundreds digit of l(-27)?
3
Let z = 80 - 63. Suppose -z*k = -16*k - 188. What is the hundreds digit of k?
1
Suppose -3*y + 2 + 13 = 0. Suppose -2*k - 12 = 2*u - 5*u, y*u - k = 20. Suppose -2*m + u*l = -38, 2*m - 3*m + l + 14 = 0. What is the units digit of m?
9
Suppose -7*w = -3*w - 20. Suppose -o + 0 = -r - 1, -o - w = -4*r. Suppose -52 = -r*v + 36. What is the tens digit of v?
4
Suppose 3631 + 3697 = 4*a. What is the hundreds digit of a?
8
Suppose -3*m - 8*m = -9119. What is the units digit of m?
9
Let s = -3795 + 6267. What is the units digit of s?
2
Suppose 10*g = -55*g + 248300. What is the units digit of g?
0
Suppose -2*u - 12 = -6*u. Let q(b) = -4*b**3 - 2*b**2 + 4*b. Let c(x) = -5*x**3 - x**2 + 4*x. Let a(p) = u*c(p) - 4*q(p). What is the units digit of a(-5)?
0
Let v(j) = -j + 137. What is the hundreds digit of v(-29)?
1
Let r be (60/18)/(1/(-3)). Let i be 4/r - 110/(-25). What is the units digit of (-11)/(-2) + (-2)/i?
5
Suppose -5*o + 2*p + 38 = 0, 2*p + 6 = 2*o - 8. Let m = o + -10. What is the units digit of (-102)/(2 + -5) - m?
6
Suppose -21 = -4*o + 11. Suppose 0 = -9*d + o*d + 37. What is the units digit of d?
7
Let k(r) = 3*r**2 - r + 3. Let s be k(1). Suppose 5*h - 4*g - 353 = 0, -g + 4*g + 351 = s*h. What is the tens digit of h?
6
Let m = 14 - 26. Let q = m + 25. What is the tens digit of q?
1
Let j be (45/9)/(1 + 0). Suppose j*f + 3*f - 864 = 0. What is the units digit of f?
8
Let k be -1 + (4 - 2) - 5. Let j be 1/((-2)/16*k). Suppose j*d = 40 - 0. What is the tens digit of d?
2
Let s(r) = r + 5. Suppose 2*g + 11 = -3. Let l be s(g). What is the units digit of (l - -1)/(1/(-37))?
7
Let z(s) = 202*s - 125. What is the hundreds digit of z(11)?
0
Let f = -67 - -1658. What is the hundreds digit of f?
5
Suppose -12*q - 108 = -18*q. Let z(d) = 4*d + 33. What is the tens digit of z(q)?
0
Suppose -108*r + 71*r = -4218. What is the units digit of r?
4
What is the hundreds digit of (-2)/(-10) + -1 + (-67184)/(-80)?
8
What is the hundreds digit of (-4)/6*(100695/(-14))/35?
1
Let m(u) = u**2 + 6*u - 14. Let j be m(-8). Suppose 4*s = j*s + 114. What is the units digit of s?
7
Let q(a) be the second derivative of -1/12*a**4 + 2*a**3 + a**2 - 8*a + 0. What is the units digit of q(10)?
2
Let a(t) = t - 29. Let m be a(11). What is the units digit of (-3)/m*-28*18/(-7)?
2
Let c = -133 - -139. Let g(h) = 9*h**2 + 5*h - 27. What is the tens digit of g(c)?
2
Suppose 2*p + 8 = 0, -q + 300 = -p - 2*p. Suppose -4*z = -0*s - 4*s + q, -4 = -4*z. What is the tens digit of s?
7
Let x = -2 + 5. Suppose 0 = -x*y + 35 + 22. What is the units digit of y?
9
Let z(k) be the second derivative of 4*k**3/3 - 7*k**2/2 + 4*k. What is the units digit of z(2)?
9
Let a = -314 + 635. What is the units digit of a?
1
Let x(w) = -w**3 - 23*w**2 + 14*w - 11. What is the hundreds digit of x(-25)?
8
Let k = 166 - -175. Suppose -g = -4*q - 85, -q - k = -5*g - 2*q. What is the tens digit of g?
6
Suppose 4*n + 240 = -n. Suppose -36 = 3*c - t + 51, 3*c + 90 = 2*t. Let y = c - n. What is the tens digit of y?
2
What is the tens digit of 9530/8 - 19/76?
9
Suppose 0 = -o + 5*o. Suppose 27 = w + 5*b, w - b + 6 = 3. Suppose -2*u + 4*x + 32 = o, w*x + x = 6. What is the units digit of u?
0
Suppose h - 76 = -3*h. Suppose 5*q - 80 = -10. Suppose 0 = h*i - q*i - 5. What is the units digit of i?
1
What is the tens digit of ((-208)/10)/(18/(-45))?
5
Suppose 0 = -49*h + 41*h + 384. What is the tens digit of h?
4
Suppose 71 = -4*m + d - 2*d, -2*d - 40 = 2*m. Let c = m + 80. What is the tens digit of c?
6
Let k(c) = -7*c + 48. Let i be k(7). What is the units digit of (-10)/i*(-66)/(-4)?
5
Suppose -a + 17 = -3*j, 1 + 8 = 2*a - j. Suppose -209 = -2*k - 5*q, 6*q - a*q = -3*k + 303. What is the units digit of k?
7
Let a = 28 + -22. Suppose 0 = a*b - 21 - 75. What is the units digit of b?
6
Let h(a) = -a**2 + 6*a + 12. Let v be h(8). Suppose -9 = -0*r - 3*r, 72 = 4*o + 4*r. Let u = o - v. What is the tens digit of u?
1
Let t(v) = v**3 - 13*v**2 - 20*v + 14. Let z(c) = -7*c - 6. Let q be z(-3). What is the tens digit of t(q)?
6
Let s(p) = p**3 - 8*p**2 - 10*p - 6. Let t(d) = -d. Let q(j) = -s(j) - 5*t(j). What is the tens digit of q(9)?
6
Let b(p) = p**2 + 5*p + 5. Let l be b(-5). Suppose -2*t = 2*r + t + 11, 4*r - l*t - 11 = 0. What is the units digit of (r + -6)*(-12)/7?
2
Let g(y) = y + 11. Let n be g(-7). Suppose 5*h = -2*p + 61, p - 4*p = -n*h - 80. What is the units digit of p?
8
Let u(n) = n**3 - 5*n**2 - 13*n + 63. What is the tens digit of u(14)?
4
Suppose -5*r - 2*b + 29 = -b, -4*r = -3*b - 8. Let l be r/(30/(-117))*-2. Suppose -5*m + 4*n + 124 = 0, -89 = -4*m - 4*n + l. What is the tens digit of m?
2
Let q(a) = -10*a + 174. Let l be q(17). Let y(x) = 22*x + 3 - 13*x + 10*x. What is the units digit of y(l)?
9
What is the hundreds digit of -34*1032/(-11 + -1)?
9
Let u(x) = -485*x - 9. What is the units digit of u(-3)?
6
Let a(q) = q**3 + 23*q**2 + 33*q + 57. Let l(m) = 3*m**3 + m**2 - 1. Let k be l(-2). What is the hundreds digit of a(k)?
2
What is the tens digit of (-1667079)/(-513) + (-1)/(-3)?
5
Let d be 5/(633/90 + -7). Let b(q) = -q**3 + q**2 - 5. Let y be b(5). Let s = y + d. What is the tens digit of s?
4
Let w(k) = 2*k**2 - 23*k + 41. What is the hundreds digit of w(-17)?
0
Suppose -2*c = -2*a + 674, -2*c + 438 = a + 89. What is the units digit of a?
1
Let u = 1540 - 891. Suppose -2*l = -3*o + 931 - 294, 3*o - u = -l. What is the units digit of o?
5
Suppose 4*m - 5216 = 4*r, 0 = -5*m - 5*r + 4868 + 1672. What is the thousands digit of m?
1
Let u = 175 + -112. Let i be (87/3)/(2/(-2)). Let z = u + i. What is the units digit of z?
4
Suppose 33*h - 14662 = 5006. What is the hundreds digit of h?
5
Let m(x) = -6*x - 28. Let o be 1*((-1)/2)/((-15)/(-330)). What is the units digit of m(o)?
8
Let x = 255 - 100. What is the units digit of x?
5
Suppose -6 = 9*f - 12*f. Suppose -3*j - 5*k + 3 - 11 = 0, 3*j = -2*k + 4. Suppose 1 = 5*i + j*a, 0 = f*i - 4*a - 2 - 4. What is the units digit of i?
1
Let v = -30 + 35. Suppose -8*c = -3*c + 2*q - 396, 141 = 2*c - v*q. Suppose k = 3*r - 103, 0 = 5*r + 2*k - 112 - c. What is the units digit of r?
6
Let v = -1258 + 2508. What is the tens digit of v?
5
Suppose 0 = -4*b + v + 4467, 3*b - 9*v = -13*v + 3336. What is the thousands digit of b?
1
Let f(b) = -9*b**2 - 1 - 4 - b**3 + 27*b**2 - 3 - 14*b. What is the units digit of f(17)?
3
Suppose -5770 = -10*c + 7*c + 2*b, 5*c + 4*b - 9646 = 0. What is the hundreds digit of c?
9
Supp